5.
31
Let v(j) = j**3 + 66*j**2 - 89*j - 5855. Let z be v(-66). Let n(m) = -m**3 + 12*m**2 - 7*m + 3. Let b be n(10). What is the greatest common divisor of z and b?
19
Suppose 1174 = 5*b + k, 0*b + 238 = b + k. Suppose 0 = 2*x - b + 36. Calculate the highest common factor of x and 9.
9
Let s(g) = 379*g**2 + 90*g + 336. Let p be s(-4). Calculate the greatest common factor of p and 453.
151
Let u(p) be the second derivative of -29*p**3/6 - 43*p**2/2 + 62*p. Let f be u(-3). What is the highest common divisor of f and 4?
4
Let n(w) = -w**3 + 10*w**2 + 4*w + 10. Let o be n(10). Suppose r - 5*h = 11 + 99, -238 = -2*r + h. What is the highest common factor of r and o?
10
Let a be 4031/(8 - 2 - 5) - -8. What is the highest common factor of 7 and a?
7
Let n be (-2 - 0)*145/(-58). Suppose 0 = -4*z - n*i + 166, 1 - 5 = -2*i. Calculate the greatest common divisor of z and 65.
13
Suppose 0 = -m + 5*c + 759, 6*c - 4*c - 1506 = -2*m. What is the highest common divisor of m and 870?
58
Suppose 104 = -8*k + 34*k. Suppose -b + 39 = -m - 14, 0 = -k*m + 16. Suppose -731 = -4*u + 1093. What is the greatest common divisor of u and b?
57
Suppose 0 = 3*l - x - 159 - 236, 0 = 5*l + 3*x - 649. Let g = 164 - l. Calculate the highest common factor of 132 and g.
33
Let a = -3863 - -7229. Calculate the highest common factor of a and 1089.
99
Suppose -4 = 5*i - 6*i. Suppose 4*d - 3*p - 40 = -12, 4*d = i*p + 32. Let a be 26 + (d + -5 - -5). What is the greatest common divisor of 60 and a?
30
Suppose b + b - 12 = 0. Let f be (58/87)/((-4)/522*-3). Suppose -10*w = -f*w + 1254. What is the highest common factor of b and w?
6
Let t be 18*-1*7/(42/(-129)). Suppose -23*f - t = -g - 21*f, -5*g = -f - 1971. What is the greatest common factor of 316 and g?
79
Let q be (-140)/40 + 2/4 + (-348)/(-2). Calculate the greatest common divisor of 3933 and q.
171
Let y be 12/(-294)*-483*7. Calculate the greatest common factor of 222 and y.
6
Let p(v) = -31*v**3 - 5*v**2 - 84*v - 162. Let d be p(-2). Calculate the highest common factor of 377 and d.
13
Let b = 169 - -13. Suppose 2*v - b = -170. Let r(j) = j**2 + 7*j + 8. Let x be r(-6). What is the highest common factor of v and x?
2
Let z = 1065 - 1579. Let s = z - -769. Suppose 25*b - 2789 + 1514 = 0. What is the greatest common divisor of b and s?
51
Suppose -y - 20 = -6*y. Let k be ((-150)/y + 0)*16/(-6). Let n = -34 + k. What is the highest common factor of 22 and n?
22
Let y(m) = m**3 + 12*m**2 + 16*m + 11. Let x be y(-10). Let z = -49 + x. Suppose -z*k - 16 = -3*k. Calculate the greatest common divisor of 32 and k.
16
Let j = 107 - 106. Let m be ((62 - j) + 2)*(-6)/(-9). Let i = 27 + -13. What is the highest common divisor of i and m?
14
Suppose -100*k + 8494 = 3394. What is the highest common divisor of k and 2278?
17
Let o = 21143 - 15226. Calculate the greatest common divisor of o and 61.
61
Let g = -575 + 1349. Let v be 4068/225 - (-8)/(-100). Calculate the greatest common factor of g and v.
18
Let g = -160 + 198. Calculate the greatest common factor of 21698 and g.
38
Suppose -58 = -2*b - s, 25*s = 21*s + 16. Let g(f) = 3*f - 26. Let k be g(b). Calculate the greatest common factor of k and 165.
55
Suppose -9 = -10*o + 11*o. Suppose 6 = -3*f + n - 1, -2*n - 30 = 5*f. Let m be 9/(o/f) + 20. Calculate the highest common divisor of m and 48.
24
Let g be ((-20)/(-6) + -4)*(-561)/2. Let l = g + -138. Calculate the greatest common divisor of l and 343.
49
Let o = 272 + -139. Suppose 52 + o = 5*y. What is the greatest common divisor of 37 and y?
37
Suppose 4*w - 100 = -2*y, w = -3*w - 4. Let i(x) = -314*x - 4842. Let l be i(-16). Calculate the highest common factor of l and y.
26
Let h(s) = -s**2 - 186*s - 2229. Let a be h(-13). Calculate the greatest common factor of 20 and a.
20
Let w(v) = 27*v - 109. Let y be w(7). Suppose 0*l = 2*l - f - 155, -l - 2*f + y = 0. What is the greatest common factor of l and 26?
26
Suppose 2*s + 5*g - 19 - 49 = 0, -4*s + 4*g + 192 = 0. Calculate the greatest common divisor of 24 and s.
4
Let q(l) = -3*l - 78. Let z(h) = 4*h**2 + 2*h - 31. Let j be z(0). Let i be q(j). Calculate the greatest common divisor of i and 120.
15
Suppose -5*s = 0, 2*s + 20 = 2*h - 34. Suppose -1250 = 22*p - h*p. What is the greatest common factor of 50 and p?
50
Suppose 0 = 5*p - y - 7640 + 1838, 2*y + 3477 = 3*p. Calculate the greatest common divisor of p and 27.
27
Suppose 3*p = 5*u - 1502, -3*u = p + 243 - 1133. Let x = u + -226. Calculate the greatest common factor of 126 and x.
18
Let q = 483 - 486. Let a be 4 + -2 + (-34)/q*6. Calculate the greatest common factor of 280 and a.
70
Let v(b) = 2*b - 41. Let m be v(16). Let p be (252/70)/(m/(-30)). What is the greatest common divisor of p and 288?
12
Suppose 0*w - 5*w + 2*a = -15, 4*a = -3*w + 35. Suppose -4*c = w*c - 126. Let f = -65 + 177. What is the highest common divisor of f and c?
14
Let a(c) = -3*c + 24. Let z be a(10). Let k = z - -44. Let h = 106 + k. Calculate the greatest common divisor of 18 and h.
18
Let w(g) = g + 210 - 82 + 2*g + 4*g. Let x be w(17). Calculate the greatest common divisor of x and 38.
19
Let k(z) = -z**3 - 16*z**2 + 11*z - 106. Let i be k(-19). Calculate the highest common factor of 4096 and i.
256
Suppose -5*i + 2*p + 4632 = 0, -5*p + p + 3728 = 4*i. What is the greatest common divisor of 80 and i?
16
Let f = -4210 + 4259. What is the highest common factor of f and 7693?
49
Let l be (36*(-3)/(-24))/((-4)/(-32)). What is the greatest common factor of 492 and l?
12
Let l be (5/2)/((-261)/(-24534)). Calculate the greatest common factor of l and 329.
47
Let r = 561 - -383. Calculate the highest common divisor of r and 80.
16
Suppose -5*f + 10*f + 2*o - 1793 = 0, 11*f - 4*o = 3911. Calculate the highest common divisor of 35 and f.
7
Let o(n) be the third derivative of 11*n**4/24 + 14*n**3/3 + 6*n**2. Let u be o(0). Calculate the highest common factor of 84 and u.
28
Let n(l) = -85*l - 664. Let v be n(-8). Calculate the greatest common divisor of v and 7296.
16
Let m(j) = -28*j - 14. Let p be m(-6). Let w(y) = 7*y**2 - 30*y - 6. Let i be w(6). What is the greatest common factor of i and p?
22
Suppose 4*k = -0*a + 4*a, 4*a + k - 10 = 0. Suppose 655 = 5*v - 2*b - a*b, 2*v - 3*b - 255 = 0. What is the highest common divisor of v and 45?
45
Let n be (-3)/(-2)*4/6. Let q be 60/(-24)*n/(3/(-6)). Suppose 3*m - 3 = 2*u, 5*u = 2*m + 3*m - 5. What is the highest common divisor of m and q?
1
Suppose -3*w - 1272 = -9*w. Suppose -2*k - 5*q - 124 = 0, q + w = -2*k - k. Let s = 78 + k. Calculate the highest common factor of s and 96.
6
Let p be ((-7)/(-3) - -1)*7788/295. Suppose 48*h - 52*h + p = 4*n, -4*h + n = -63. What is the highest common divisor of 3 and h?
1
Let m(t) = 37*t - 34. Let y be m(1). Suppose 27*q - 143 = 16*q. Calculate the greatest common divisor of q and y.
1
Let p be (-4)/6*(-342)/76. Let w = 0 - -4. Let b be (6/(-8))/(w/(-112)). Calculate the highest common divisor of b and p.
3
Let q(n) = n**3 - 7*n**2 + 4*n + 22. Let a be q(6). Suppose -6075 = a*f - 19*f. Suppose 0 = 6*x - x - f. What is the highest common factor of 15 and x?
15
Let b(q) = -6*q**2 + 365*q + 67. Let a be b(61). Calculate the greatest common divisor of a and 4803.
3
Let f be 155*((0 + -1)/((-3)/(-6)))/(-2). What is the greatest common factor of 5580 and f?
155
Let u = 3 + 9. Let c = -8 + u. Suppose 31 = -0*p + 2*p - 5*s, -2*p = c*s - 76. Calculate the highest common factor of 4 and p.
4
Suppose 6*t - 7 = 11. Suppose 3*f + z - 283 = 0, z + 279 = t*f + 4*z. Calculate the greatest common factor of 19 and f.
19
Suppose -11*l + 9450 = 16*l. Suppose 6*d - 2402 + l = 0. What is the highest common factor of 18 and d?
18
Suppose -5 - 103 = -3*t. Let f = 664 + -412. Calculate the greatest common divisor of f and t.
36
Let m(o) = o**2 - 23*o. Let g be m(23). Let q be 4 - -34 - 4 - g. Let t(w) = -25*w + 10. Let a be t(-3). Calculate the highest common divisor of q and a.
17
Let p be 8 + -5 - (-1 - 14). Let h be (378/210)/(3/190). What is the greatest common divisor of h and p?
6
Suppose -4*x + 4*c + 640 = 0, 4*x - 42*c = -46*c + 600. What is the greatest common divisor of 1271 and x?
31
Suppose -5*q + 152 = -2*c, -31*q + 4*c = -29*q - 64. Calculate the highest common factor of q and 80